{"id":3101,"date":"2021-07-22T15:20:45","date_gmt":"2021-07-22T20:20:45","guid":{"rendered":"https:\/\/web.coopanamericana.com.co\/?page_id=3101"},"modified":"2021-07-22T17:27:23","modified_gmt":"2021-07-22T22:27:23","slug":"educacion","status":"publish","type":"page","link":"https:\/\/web.coopanamericana.com.co\/?page_id=3101","title":{"rendered":"Educaci\u00f3n"},"content":{"rendered":"\t\t<div data-elementor-type=\"wp-page\" data-elementor-id=\"3101\" class=\"elementor elementor-3101\" data-elementor-settings=\"{&quot;ha_cmc_init_switcher&quot;:&quot;no&quot;}\">\n\t\t\t\t\t\t<section class=\"elementor-section elementor-top-section elementor-element elementor-element-92c8e5c elementor-section-boxed elementor-section-height-default elementor-section-height-default\" data-id=\"92c8e5c\" data-element_type=\"section\" data-e-type=\"section\" data-settings=\"{&quot;_ha_eqh_enable&quot;:false}\">\n\t\t\t\t\t\t<div class=\"elementor-container elementor-column-gap-default\">\n\t\t\t\t\t<div class=\"elementor-column elementor-col-100 elementor-top-column elementor-element elementor-element-afb7e43\" data-id=\"afb7e43\" data-element_type=\"column\" data-e-type=\"column\">\n\t\t\t<div class=\"elementor-widget-wrap elementor-element-populated\">\n\t\t\t\t\t\t<div class=\"elementor-element elementor-element-a3649d9 elementor-widget elementor-widget-text-editor\" data-id=\"a3649d9\" data-element_type=\"widget\" data-e-type=\"widget\" data-widget_type=\"text-editor.default\">\n\t\t\t\t<div class=\"elementor-widget-container\">\n\t\t\t\t\t\t\t\t\t<p>Adquisici\u00f3n de bienes y\/o servicios con los que Coopanamericana crea alianzas en beneficio de los asociados y sus familias. De igual manera, las ferias y eventos organizados por la cooperativa que involucren a los asociados.<\/p>\t\t\t\t\t\t\t\t<\/div>\n\t\t\t\t<\/div>\n\t\t\t\t\t<\/div>\n\t\t<\/div>\n\t\t\t\t\t<\/div>\n\t\t<\/section>\n\t\t\t\t<section class=\"elementor-section elementor-top-section elementor-element elementor-element-73fe40ad elementor-section-height-min-height elementor-section-boxed elementor-section-height-default elementor-section-items-middle\" data-id=\"73fe40ad\" data-element_type=\"section\" data-e-type=\"section\" data-settings=\"{&quot;background_background&quot;:&quot;classic&quot;,&quot;_ha_eqh_enable&quot;:false}\">\n\t\t\t\t\t\t<div class=\"elementor-container elementor-column-gap-default\">\n\t\t\t\t\t<div class=\"elementor-column elementor-col-50 elementor-top-column elementor-element elementor-element-17569e58\" data-id=\"17569e58\" data-element_type=\"column\" data-e-type=\"column\" data-settings=\"{&quot;background_background&quot;:&quot;classic&quot;}\">\n\t\t\t<div class=\"elementor-widget-wrap elementor-element-populated\">\n\t\t\t\t\t\t<div class=\"elementor-element elementor-element-222b9b14 elementor-widget elementor-widget-heading\" data-id=\"222b9b14\" data-element_type=\"widget\" data-e-type=\"widget\" data-widget_type=\"heading.default\">\n\t\t\t\t<div class=\"elementor-widget-container\">\n\t\t\t\t\t<h2 class=\"elementor-heading-title elementor-size-default\">Tasa 0%<\/h2>\t\t\t\t<\/div>\n\t\t\t\t<\/div>\n\t\t\t\t<div class=\"elementor-element elementor-element-37f9193f elementor-widget elementor-widget-text-editor\" data-id=\"37f9193f\" data-element_type=\"widget\" data-e-type=\"widget\" data-widget_type=\"text-editor.default\">\n\t\t\t\t<div class=\"elementor-widget-container\">\n\t\t\t\t\t\t\t\t\t<p>Salud: Medicina Prepagada, Plan Complementario, Medico Domiciliario<br \/>Vida: Seguros de Vida<br \/>Veh\u00edculos: P\u00f3liza colectiva Todo Riesgo<br \/>Exequial: P\u00f3liza Funeraria<br \/>Hogar: Seguro de Contenidos<br \/>Entretenimiento: Boletas de Cine y Parques<\/p>\t\t\t\t\t\t\t\t<\/div>\n\t\t\t\t<\/div>\n\t\t\t\t\t<\/div>\n\t\t<\/div>\n\t\t\t\t<div class=\"elementor-column elementor-col-50 elementor-top-column elementor-element elementor-element-6dc8ff7e\" data-id=\"6dc8ff7e\" data-element_type=\"column\" data-e-type=\"column\" data-settings=\"{&quot;background_background&quot;:&quot;classic&quot;}\">\n\t\t\t<div class=\"elementor-widget-wrap elementor-element-populated\">\n\t\t\t\t\t\t<div class=\"elementor-element elementor-element-23f94275 elementor-widget elementor-widget-heading\" data-id=\"23f94275\" data-element_type=\"widget\" data-e-type=\"widget\" data-widget_type=\"heading.default\">\n\t\t\t\t<div class=\"elementor-widget-container\">\n\t\t\t\t\t<h2 class=\"elementor-heading-title elementor-size-default\">Tasa 1%<\/h2>\t\t\t\t<\/div>\n\t\t\t\t<\/div>\n\t\t\t\t<div class=\"elementor-element elementor-element-4ccaf5f5 elementor-widget elementor-widget-text-editor\" data-id=\"4ccaf5f5\" data-element_type=\"widget\" data-e-type=\"widget\" data-widget_type=\"text-editor.default\">\n\t\t\t\t<div class=\"elementor-widget-container\">\n\t\t\t\t\t\t\t\t\t<p>Retiro de Mercanc\u00eda: Compras en Librer\u00eda Panamericana<br \/>Soat: Seguro Obligatorio Plazo: 12 Meses<br \/>Odontolog\u00eda y Optometr\u00eda Plazo: 12 Meses<br \/>Ferias: Eventos realizados por la cooperativa en fechas especiales Plazo: 12 Meses<br \/>Dotaci\u00f3n: Compra de prendas institucionales Plazo: 12 Meses<br \/>Electrodom\u00e9sticos y tecnolog\u00eda: Es una l\u00ednea de cr\u00e9dito destinada para la financiaci\u00f3n de tus electrodom\u00e9sticos l\u00ednea blanca (Refrigeraci\u00f3n, Lavado y cocina) Plazo: Hasta 36 Meses<br \/>Requisito: Cotizaci\u00f3n, Factura<\/p>\t\t\t\t\t\t\t\t<\/div>\n\t\t\t\t<\/div>\n\t\t\t\t\t<\/div>\n\t\t<\/div>\n\t\t\t\t\t<\/div>\n\t\t<\/section>\n\t\t\t\t<\/div>\n\t\t","protected":false},"excerpt":{"rendered":"<p>Adquisici\u00f3n de bienes y\/o servicios con los que Coopanamericana crea alianzas en beneficio de los asociados y sus familias. De igual manera, las ferias y eventos organizados por la cooperativa que involucren a los asociados. \u00c1rea Andina \u00c1rea Andina M\u00e1s informaci\u00f3n Polit\u00e9nico Gran&#8230; Polit\u00e9nico Gran Colombiano M\u00e1s informaci\u00f3n Tasa 0% Salud: Medicina Prepagada, Plan Complementario, [&hellip;]<\/p>\n","protected":false},"author":6,"featured_media":0,"parent":2731,"menu_order":0,"comment_status":"closed","ping_status":"closed","template":"","meta":{"footnotes":""},"class_list":["post-3101","page","type-page","status-publish","hentry"],"_links":{"self":[{"href":"https:\/\/web.coopanamericana.com.co\/index.php?rest_route=\/wp\/v2\/pages\/3101","targetHints":{"allow":["GET"]}}],"collection":[{"href":"https:\/\/web.coopanamericana.com.co\/index.php?rest_route=\/wp\/v2\/pages"}],"about":[{"href":"https:\/\/web.coopanamericana.com.co\/index.php?rest_route=\/wp\/v2\/types\/page"}],"author":[{"embeddable":true,"href":"https:\/\/web.coopanamericana.com.co\/index.php?rest_route=\/wp\/v2\/users\/6"}],"replies":[{"embeddable":true,"href":"https:\/\/web.coopanamericana.com.co\/index.php?rest_route=%2Fwp%2Fv2%2Fcomments&post=3101"}],"version-history":[{"count":10,"href":"https:\/\/web.coopanamericana.com.co\/index.php?rest_route=\/wp\/v2\/pages\/3101\/revisions"}],"predecessor-version":[{"id":3211,"href":"https:\/\/web.coopanamericana.com.co\/index.php?rest_route=\/wp\/v2\/pages\/3101\/revisions\/3211"}],"up":[{"embeddable":true,"href":"https:\/\/web.coopanamericana.com.co\/index.php?rest_route=\/wp\/v2\/pages\/2731"}],"wp:attachment":[{"href":"https:\/\/web.coopanamericana.com.co\/index.php?rest_route=%2Fwp%2Fv2%2Fmedia&parent=3101"}],"curies":[{"name":"wp","href":"https:\/\/api.w.org\/{rel}","templated":true}]}}