{"id":2731,"date":"2021-07-08T09:17:21","date_gmt":"2021-07-08T14:17:21","guid":{"rendered":"https:\/\/web.coopanamericana.com.co\/?page_id=2731"},"modified":"2021-07-22T15:13:19","modified_gmt":"2021-07-22T20:13:19","slug":"convenios","status":"publish","type":"page","link":"https:\/\/web.coopanamericana.com.co\/?page_id=2731","title":{"rendered":"Convenios"},"content":{"rendered":"\t\t<div data-elementor-type=\"wp-page\" data-elementor-id=\"2731\" class=\"elementor elementor-2731\" data-elementor-settings=\"{&quot;ha_cmc_init_switcher&quot;:&quot;no&quot;}\">\n\t\t\t\t\t\t<section class=\"elementor-section elementor-top-section elementor-element elementor-element-b047678 elementor-section-boxed elementor-section-height-default elementor-section-height-default\" data-id=\"b047678\" data-element_type=\"section\" data-e-type=\"section\" data-settings=\"{&quot;_ha_eqh_enable&quot;:false}\">\n\t\t\t\t\t\t<div class=\"elementor-container elementor-column-gap-default\">\n\t\t\t\t\t<div class=\"elementor-column elementor-col-100 elementor-top-column elementor-element elementor-element-da43097\" data-id=\"da43097\" data-element_type=\"column\" data-e-type=\"column\">\n\t\t\t<div class=\"elementor-widget-wrap\">\n\t\t\t\t\t\t\t<\/div>\n\t\t<\/div>\n\t\t\t\t\t<\/div>\n\t\t<\/section>\n\t\t\t\t<\/div>\n\t\t","protected":false},"excerpt":{"rendered":"<p>Sura Sura Contacto: Edwin Palomar Celular: 301 7017396 M\u00e1s informaci\u00f3n Compensar plan c&#8230; Compensar plan complementario Diana Gonz\u00e1lez Tel\u00e9fono: 301 378 6410 dpgonzalezp@compensarsalud.com\u00a0 M\u00e1s informaci\u00f3n PAC Planes de at&#8230; PAC Planes de atenci\u00f3n complementaria Famisanar M\u00e1s informaci\u00f3n AXA Colpatria AXA Colpatria Contacto: Wilson Salinas Celular: 3177002183 M\u00e1s informaci\u00f3n Colsanitas Colsanitas Contacto: Juan Pablo Miranda Celular: [&hellip;]<\/p>\n","protected":false},"author":6,"featured_media":0,"parent":0,"menu_order":0,"comment_status":"closed","ping_status":"closed","template":"","meta":{"footnotes":""},"class_list":["post-2731","page","type-page","status-publish","hentry"],"_links":{"self":[{"href":"https:\/\/web.coopanamericana.com.co\/index.php?rest_route=\/wp\/v2\/pages\/2731","targetHints":{"allow":["GET"]}}],"collection":[{"href":"https:\/\/web.coopanamericana.com.co\/index.php?rest_route=\/wp\/v2\/pages"}],"about":[{"href":"https:\/\/web.coopanamericana.com.co\/index.php?rest_route=\/wp\/v2\/types\/page"}],"author":[{"embeddable":true,"href":"https:\/\/web.coopanamericana.com.co\/index.php?rest_route=\/wp\/v2\/users\/6"}],"replies":[{"embeddable":true,"href":"https:\/\/web.coopanamericana.com.co\/index.php?rest_route=%2Fwp%2Fv2%2Fcomments&post=2731"}],"version-history":[{"count":16,"href":"https:\/\/web.coopanamericana.com.co\/index.php?rest_route=\/wp\/v2\/pages\/2731\/revisions"}],"predecessor-version":[{"id":3081,"href":"https:\/\/web.coopanamericana.com.co\/index.php?rest_route=\/wp\/v2\/pages\/2731\/revisions\/3081"}],"wp:attachment":[{"href":"https:\/\/web.coopanamericana.com.co\/index.php?rest_route=%2Fwp%2Fv2%2Fmedia&parent=2731"}],"curies":[{"name":"wp","href":"https:\/\/api.w.org\/{rel}","templated":true}]}}